{"id":45747,"date":"2025-05-03T18:46:12","date_gmt":"2025-05-03T18:46:12","guid":{"rendered":"https:\/\/theme-dev.cmsmasters.net\/wellness-bliss\/?page_id=45747"},"modified":"2025-07-25T14:37:58","modified_gmt":"2025-07-25T12:37:58","slug":"panier","status":"publish","type":"page","link":"https:\/\/dunespa.fr\/2025dune\/panier\/","title":{"rendered":"Panier"},"content":{"rendered":"\t\t<div data-elementor-type=\"wp-page\" data-elementor-id=\"45747\" class=\"elementor elementor-45747\">\n\t\t\t\t<div class=\"elementor-element elementor-element-0638747 e-flex e-con-boxed cmsmasters-block-default e-con e-parent\" data-id=\"0638747\" data-element_type=\"container\">\n\t\t\t\t\t<div class=\"e-con-inner\">\n\t\t\t\t<div class=\"elementor-element elementor-element-0b505c0 cmsmasters-cart-layout-two-column cmsmasters-block-default cmsmasters-sticky-default elementor-widget elementor-widget-cmsmasters-woo-cart-page\" data-id=\"0b505c0\" data-element_type=\"widget\" data-settings=\"{&quot;additional_options_update_cart_automatically&quot;:&quot;yes&quot;}\" data-widget_type=\"cmsmasters-woo-cart-page.default\">\n\t\t\t\t\t<div class=\"woocommerce\"><div class=\"woocommerce-notices-wrapper\"><\/div><div class=\"wc-empty-cart-message\">\n\t<div class=\"cart-empty woocommerce-info\" role=\"status\">\n\t\tVotre panier est actuellement vide.\t<\/div>\n<\/div>\t<p class=\"return-to-shop\">\n\t\t<a class=\"button wc-backward\" href=\"https:\/\/dunespa.fr\/2025dune\/carte-cadeau-dune-spa\/\">\n\t\t\tRetour \u00e0 la boutique\t\t<\/a>\n\t<\/p>\n<\/div>\t\t\t\t<\/div>\n\t\t\t\t\t<\/div>\n\t\t\t\t<\/div>\n\t\t\t\t<\/div>\n\t\t","protected":false},"excerpt":{"rendered":"<p>Supprimer l\u2019\u00e9l\u00e9ment Miniature Produit Prix Quantit\u00e9 Sous-total \u00d7 R\u00e9servation Dune Spa Rendez-vous: Date: 23 juillet 2025 Heure: 15h00 Service: Spa privatif \u2013 3h 140,00\u00a0\u20ac quantit\u00e9 de R\u00e9servation Dune Spa 140,00\u00a0\u20ac Appliquer Total Sous-total 140,00\u00a0\u20ac Carte cadeau 1234 Le solde restant est 0,00\u00a0\u20ac -100,00\u00a0\u20ac [Retirer] Total 40,00\u00a0\u20ac Passer \u00e0 la caisse<\/p>\n","protected":false},"author":1,"featured_media":47503,"parent":0,"menu_order":0,"comment_status":"closed","ping_status":"closed","template":"","meta":{"_acf_changed":false,"footnotes":""},"class_list":["post-45747","page","type-page","status-publish","has-post-thumbnail","hentry"],"acf":[],"jetpack_sharing_enabled":true,"_links":{"self":[{"href":"https:\/\/dunespa.fr\/2025dune\/wp-json\/wp\/v2\/pages\/45747","targetHints":{"allow":["GET"]}}],"collection":[{"href":"https:\/\/dunespa.fr\/2025dune\/wp-json\/wp\/v2\/pages"}],"about":[{"href":"https:\/\/dunespa.fr\/2025dune\/wp-json\/wp\/v2\/types\/page"}],"author":[{"embeddable":true,"href":"https:\/\/dunespa.fr\/2025dune\/wp-json\/wp\/v2\/users\/1"}],"replies":[{"embeddable":true,"href":"https:\/\/dunespa.fr\/2025dune\/wp-json\/wp\/v2\/comments?post=45747"}],"version-history":[{"count":8,"href":"https:\/\/dunespa.fr\/2025dune\/wp-json\/wp\/v2\/pages\/45747\/revisions"}],"predecessor-version":[{"id":47803,"href":"https:\/\/dunespa.fr\/2025dune\/wp-json\/wp\/v2\/pages\/45747\/revisions\/47803"}],"wp:featuredmedia":[{"embeddable":true,"href":"https:\/\/dunespa.fr\/2025dune\/wp-json\/wp\/v2\/media\/47503"}],"wp:attachment":[{"href":"https:\/\/dunespa.fr\/2025dune\/wp-json\/wp\/v2\/media?parent=45747"}],"curies":[{"name":"wp","href":"https:\/\/api.w.org\/{rel}","templated":true}]}}